{"id":35229,"date":"2025-03-18T12:45:12","date_gmt":"2025-03-18T11:45:12","guid":{"rendered":"https:\/\/arena-ticket.com\/?p=35229&#038;post_type=product&#038;preview_id=35229"},"modified":"2025-03-18T12:57:18","modified_gmt":"2025-03-18T11:57:18","slug":"majan-woher-komm-ich-dann-tour-2025-leipzig-felsenkeller-22-11-2025-2000-uhr-kopie","status":"publish","type":"product","link":"https:\/\/arena-ticket.com\/en\/product\/majan-woher-komm-ich-dann-tour-2025-leipzig-felsenkeller-22-11-2025-2000-uhr-kopie\/","title":{"rendered":"MAJAN  - Woher komm\u2019 ich dann? Tour 2025"},"content":{"rendered":"<div class=\"artwork-image-container\">\n<div class=\"artwork-image\">\n<div class=\"gradient gradient-right\">\n<p>MAJAN ist zur\u00fcck! Nach einem Jahr musikalischer Pause k\u00fcndigt der Musiker nicht nur ein neues Album an, sondern auch eine umfangreiche Tour, die ihn im Herbst und Winter 2025 durch Deutschland, \u00d6sterreich und die Schweiz f\u00fchren wird.<\/p>\n<p>Mit seinem neuen Projekt, einer einzigartigen Kombination aus Album und Sitcom, schl\u00e4gt MAJAN ein v\u00f6llig neues Kapitel auf. In f\u00fcnf Episoden und zugeh\u00f6rigen Songs erz\u00e4hlt er die Geschichte seiner k\u00fcnstlerischen Reise \u2013 ein multimediales Erlebnis, das das Publikum tief in seine Welt eintauchen l\u00e4sst. Diese Reise f\u00fchrt ihn \u201evon Schorndorf nach Berlin und wieder zur\u00fcck\u201c \u2013 ein pr\u00e4gendes Motiv, das sowohl seine musikalische Entwicklung als auch seinen pers\u00f6nlichen Werdegang beschreibt.<\/p>\n<p>Seit seinem Durchbruch 2019 hat sich MAJAN als einer der vielseitigsten K\u00fcnstler der deutschsprachigen Musikszene etabliert. Er schafft es die Grenzen zwischen Rap, Pop und klassischen Balladen immer wieder neu zu definieren. Im letzten Jahr zog sich der Musiker bewusst zur\u00fcck, um an diesem unkonventionellen Werk zu arbeiten, das seine unverkennbare Stimme und seine ehrlichen Texte mit einer visuellen Ebene vereint.<\/p>\n<p>Die Tour wird zu einer Reise durch emotionale H\u00f6hen und Tiefen, humorvolle Erz\u00e4hlungen und mitrei\u00dfende musikalische Kl\u00e4nge \u2013 ein Pflichttermin f\u00fcr alle, die mit auf MAJANs Reise gehen m\u00f6chten.<\/p>\n<\/div>\n<\/div>\n<\/div>\n<article class=\"vt:bg-black vt:text-white\">\n<section class=\"mod-purple mt-16 lg:mt-24 vt:mod-orange text-black select-none\">\n<div class=\"bg-[color:var(--primary-color)] py-12 overflow-hidden\">\n<div class=\"panel\">\n<div class=\"swiper-initialized swiper-horizontal swiper-pointer-events swiper-backface-hidden\">\n<div class=\"swiper-wrapper\">\n<div class=\"swiper-slide\">\n<div class=\"mt-4 mb-4 md:mt-6 text-center text-sm\"><\/div>\n<div class=\"text-center\">\n<div class=\" cursor-pointer group rounded-full transition duration-75 uppercase whitespace-nowrap inline-flex items-center justify-center leading-tight font-medium text-xs py-3 px-5 xl:text-sm xl:py-3.5 xl:px-6 bg-[color:var(--secondary-color)] text-[color:var(--primary-color)] hover:text-white \"><\/div>\n<\/div>\n<\/div>\n<\/div>\n<\/div>\n<\/div>\n<\/div>\n<\/section>\n<\/article>\n<p>&nbsp;<\/p>\n<aside>\n<div><\/div>\n<\/aside>\n<footer class=\"bg-black text-white py-12\">\n<div class=\"panel panel-grid\">\n<div class=\"col-span-full 2md:col-span-4 flex flex-col 2md:justify-between h-full\">\n<div class=\"flex space-x-6\"><\/div>\n<\/div>\n<div class=\"mt-12 2md:mt-0 2md:col-start-7 col-span-full 2md:col-span-6\">\n<div><\/div>\n<\/div>\n<\/div>\n<\/footer>\n","protected":false},"excerpt":{"rendered":"<p>From Schorndorf to Berlin and back again \u2013 MAJAN\u2019s musical journey continues<\/p>","protected":false},"featured_media":35231,"template":"","meta":{"_acf_changed":false,"inline_featured_image":false},"product_brand":[],"product_cat":[31,348,6737,69,86,35,21,58],"product_tag":[941,1476,942,943,5219,944,947,948,5220],"class_list":{"0":"post-35229","1":"product","2":"type-product","3":"status-publish","4":"has-post-thumbnail","6":"product_cat-events","7":"product_cat-felsenkeller","8":"product_cat-hip-hop-rnb","9":"product_cat-konzert","10":"product_cat-leipzig","11":"product_cat-orte","12":"product_cat-ticket","13":"product_cat-veranstaltung","14":"product_tag-events","15":"product_tag-felsenkeller","16":"product_tag-konzert","17":"product_tag-leipzig","18":"product_tag-majan","19":"product_tag-orte","20":"product_tag-ticket","21":"product_tag-veranstaltung","22":"product_tag-woher-komm-ich-dann-tour-2025","23":"product_shipping_class-nur_paketversand","24":"pa_discount-normalpreis","25":"pa_preiskategorie-stehplatz","27":"first","28":"instock","29":"taxable","30":"shipping-taxable","31":"purchasable","32":"product-type-variable","33":"has-default-attributes"},"group_of_quantity":0,"min_quantity":0,"max_quantity":"","exclude_order_quantity_value_rules":"no","exclude_category_quantity_rules":"no","combine_variations":"no","acf":[],"_links":{"self":[{"href":"https:\/\/arena-ticket.com\/en\/wp-json\/wp\/v2\/product\/35229","targetHints":{"allow":["GET"]}}],"collection":[{"href":"https:\/\/arena-ticket.com\/en\/wp-json\/wp\/v2\/product"}],"about":[{"href":"https:\/\/arena-ticket.com\/en\/wp-json\/wp\/v2\/types\/product"}],"wp:featuredmedia":[{"embeddable":true,"href":"https:\/\/arena-ticket.com\/en\/wp-json\/wp\/v2\/media\/35231"}],"wp:attachment":[{"href":"https:\/\/arena-ticket.com\/en\/wp-json\/wp\/v2\/media?parent=35229"}],"wp:term":[{"taxonomy":"product_brand","embeddable":true,"href":"https:\/\/arena-ticket.com\/en\/wp-json\/wp\/v2\/product_brand?post=35229"},{"taxonomy":"product_cat","embeddable":true,"href":"https:\/\/arena-ticket.com\/en\/wp-json\/wp\/v2\/product_cat?post=35229"},{"taxonomy":"product_tag","embeddable":true,"href":"https:\/\/arena-ticket.com\/en\/wp-json\/wp\/v2\/product_tag?post=35229"}],"curies":[{"name":"wp","href":"https:\/\/api.w.org\/{rel}","templated":true}]}}

<div class="artwork-image-container">
<div class="artwork-image">
<div class="gradient gradient-right">
<p>MAJAN ist zurück! Nach einem Jahr musikalischer Pause kündigt der Musiker nicht nur ein neues Album an, sondern auch eine umfangreiche Tour, die ihn im Herbst und Winter 2025 durch Deutschland, Österreich und die Schweiz führen wird.</p>
<p>Mit seinem neuen Projekt, einer einzigartigen Kombination aus Album und Sitcom, schlägt MAJAN ein völlig neues Kapitel auf. In fünf Episoden und zugehörigen Songs erzählt er die Geschichte seiner künstlerischen Reise – ein multimediales Erlebnis, das das Publikum tief in seine Welt eintauchen lässt. Diese Reise führt ihn „von Schorndorf nach Berlin und wieder zurück“ – ein prägendes Motiv, das sowohl seine musikalische Entwicklung als auch seinen persönlichen Werdegang beschreibt.</p>
<p>Seit seinem Durchbruch 2019 hat sich MAJAN als einer der vielseitigsten Künstler der deutschsprachigen Musikszene etabliert. Er schafft es die Grenzen zwischen Rap, Pop und klassischen Balladen immer wieder neu zu definieren. Im letzten Jahr zog sich der Musiker bewusst zurück, um an diesem unkonventionellen Werk zu arbeiten, das seine unverkennbare Stimme und seine ehrlichen Texte mit einer visuellen Ebene vereint.</p>
<p>Die Tour wird zu einer Reise durch emotionale Höhen und Tiefen, humorvolle Erzählungen und mitreißende musikalische Klänge – ein Pflichttermin für alle, die mit auf MAJANs Reise gehen möchten.</p>
</div>
</div>
</div>
<article class="vt:bg-black vt:text-white">
<section class="mod-purple mt-16 lg:mt-24 vt:mod-orange text-black select-none">
<div class="bg-[color:var(--primary-color)] py-12 overflow-hidden">
<div class="panel">
<div class="swiper-initialized swiper-horizontal swiper-pointer-events swiper-backface-hidden">
<div class="swiper-wrapper">
<div class="swiper-slide">
<div class="mt-4 mb-4 md:mt-6 text-center text-sm"></div>
<div class="text-center">
<div class=" cursor-pointer group rounded-full transition duration-75 uppercase whitespace-nowrap inline-flex items-center justify-center leading-tight font-medium text-xs py-3 px-5 xl:text-sm xl:py-3.5 xl:px-6 bg-[color:var(--secondary-color)] text-[color:var(--primary-color)] hover:text-white "></div>
</div>
</div>
</div>
</div>
</div>
</div>
</section>
</article>
<p>&nbsp;</p>
<aside>
<div></div>
</aside>
<footer class="bg-black text-white py-12">
<div class="panel panel-grid">
<div class="col-span-full 2md:col-span-4 flex flex-col 2md:justify-between h-full">
<div class="flex space-x-6"></div>
</div>
<div class="mt-12 2md:mt-0 2md:col-start-7 col-span-full 2md:col-span-6">
<div></div>
</div>
</div>
</footer>
